{"id":350,"date":"2026-02-01T00:40:24","date_gmt":"2026-02-01T00:40:24","guid":{"rendered":"https:\/\/bethacorp07.com\/camposyasociados\/?page_id=350"},"modified":"2026-02-02T03:44:32","modified_gmt":"2026-02-02T03:44:32","slug":"sandrobello","status":"publish","type":"page","link":"https:\/\/bethacorp07.com\/camposyasociados\/equipo\/sandrobello\/","title":{"rendered":"Sandro Bello"},"content":{"rendered":"\n<div class=\"wp-block-group has-white-background-color has-background has-global-padding is-layout-constrained wp-container-core-group-is-layout-a307af8a wp-block-group-is-layout-constrained\" style=\"margin-top:0;margin-bottom:0;padding-top:0;padding-right:0;padding-bottom:0;padding-left:0\">\n<div style=\"height:50px\" aria-hidden=\"true\" class=\"wp-block-spacer\"><\/div>\n\n\n\n<figure class=\"wp-block-image aligncenter size-large is-resized has-custom-border is-style-default\"><img loading=\"lazy\" decoding=\"async\" width=\"1024\" height=\"1015\" src=\"https:\/\/bethacorp07.com\/camposyasociados\/wp-content\/uploads\/2026\/01\/21c00e81-cf6f-4b3b-ba70-2fda17294fd6-1024x1015.jpg\" alt=\"\" class=\"wp-image-306\" style=\"border-top-left-radius:1000px;border-top-right-radius:1000px;border-bottom-left-radius:1000px;border-bottom-right-radius:1000px;aspect-ratio:1.00888607664585;width:271px;height:auto\" srcset=\"https:\/\/bethacorp07.com\/camposyasociados\/wp-content\/uploads\/2026\/01\/21c00e81-cf6f-4b3b-ba70-2fda17294fd6-1024x1015.jpg 1024w, https:\/\/bethacorp07.com\/camposyasociados\/wp-content\/uploads\/2026\/01\/21c00e81-cf6f-4b3b-ba70-2fda17294fd6-300x297.jpg 300w, https:\/\/bethacorp07.com\/camposyasociados\/wp-content\/uploads\/2026\/01\/21c00e81-cf6f-4b3b-ba70-2fda17294fd6-150x150.jpg 150w, https:\/\/bethacorp07.com\/camposyasociados\/wp-content\/uploads\/2026\/01\/21c00e81-cf6f-4b3b-ba70-2fda17294fd6-768x761.jpg 768w, https:\/\/bethacorp07.com\/camposyasociados\/wp-content\/uploads\/2026\/01\/21c00e81-cf6f-4b3b-ba70-2fda17294fd6.jpg 1320w\" sizes=\"auto, (max-width: 1024px) 100vw, 1024px\" \/><\/figure>\n\n\n\n<h2 class=\"wp-block-heading has-text-align-center has-heading-color has-text-color has-link-color has-xx-large-font-size wp-elements-b94c7b45414d19273996fa921e75da91\" style=\"margin-top:var(--wp--preset--spacing--xx-small);margin-bottom:var(--wp--preset--spacing--xx-small)\">Sandro Bello Jessurun<\/h2>\n\n\n\n<p class=\"has-text-align-center has-contrast-color has-text-color has-link-color has-large-font-size wp-elements-77d43dd34d1658a5f252efe91166aa69\">Abogado<\/p>\n\n\n\n<p class=\"has-text-align-center has-contrast-color has-text-color has-link-color has-medium-font-size wp-elements-fe870df5f6a01714aec27f6f9f884c68\" style=\"margin-top:var(--wp--preset--spacing--xx-small);margin-bottom:var(--wp--preset--spacing--xx-small)\">+1 (781) 521-4808<\/p>\n\n\n\n<div style=\"height:10px\" aria-hidden=\"true\" class=\"wp-block-spacer\"><\/div>\n\n\n\n<div class=\"wp-block-group has-global-padding is-layout-constrained wp-container-core-group-is-layout-3a820303 wp-block-group-is-layout-constrained\" style=\"padding-right:var(--wp--preset--spacing--small);padding-left:var(--wp--preset--spacing--small)\">\n<p class=\"has-contrast-color has-text-color has-link-color\" style=\"text-align: justify\">Abogado egresado de la facultad de Derecho de la Universidad de Carabobo, en el a\u00f1o (2004), biling\u00fce, con estudios de especializaci\u00f3n en Gerencia Aduanera y Tributaria. Se ha desempe\u00f1ado como consultor legal de instituciones p\u00fablicas y privadas, as\u00ed como de personas naturales y jur\u00eddicas en todo lo relacionado al Derecho Civil, Mercantil, Inmobiliario y Agrario. Con experiencia en asesor\u00eda, representaci\u00f3n, negociaci\u00f3n, redacci\u00f3n de contratos, documentos de condominio, protocolizaciones, demandas, inspecciones, juicios y resoluci\u00f3n de conflictos en procedimientos administrativos y judiciales de las mencionadas ramas del derecho. En el transcurso del ejercicio de su profesi\u00f3n representa a reconocidas constructoras para la ejecuci\u00f3n de proyectos inmobiliarios en la ciudad de valencia y algunas ciudades del pa\u00eds. En la actualidad, presta servicios legales con la firma y continua su preparaci\u00f3n acad\u00e9mica y profesional en la ciudad de Orlando en los Estados Unidos de Am\u00e9rica.<\/p>\n<\/div>\n\n\n\n<div class=\"wp-block-buttons is-vertical is-content-justification-center is-layout-flex wp-container-core-buttons-is-layout-20d73c99 wp-block-buttons-is-layout-flex\" style=\"margin-top:0;margin-bottom:0;padding-top:var(--wp--preset--spacing--medium);padding-right:0;padding-bottom:var(--wp--preset--spacing--medium);padding-left:0\">\n<div class=\"wp-block-button is-style-fill\"><a class=\"wp-block-button__link has-midnight-gradient-background has-background wp-element-button\" href=\"http:\/\/wa.me\/17815214808\" style=\"border-top-left-radius:100px;border-top-right-radius:100px;border-bottom-left-radius:100px;border-bottom-right-radius:100px\">Contactar por WhatsApp<\/a><\/div>\n<\/div>\n<\/div>\n","protected":false},"excerpt":{"rendered":"<p>Sandro Bello Jessurun Abogado +1 (781) 521-4808 Abogado egresado de la facultad de Derecho de la Universidad de Carabobo, en el a\u00f1o (2004), biling\u00fce, con estudios de especializaci\u00f3n en Gerencia Aduanera y Tributaria. Se ha desempe\u00f1ado como consultor legal de instituciones p\u00fablicas y privadas, as\u00ed como de personas naturales y jur\u00eddicas en todo lo relacionado [&hellip;]<\/p>\n","protected":false},"author":1,"featured_media":0,"parent":289,"menu_order":0,"comment_status":"closed","ping_status":"closed","template":"full-width","meta":{"footnotes":""},"class_list":["post-350","page","type-page","status-publish","hentry"],"_links":{"self":[{"href":"https:\/\/bethacorp07.com\/camposyasociados\/wp-json\/wp\/v2\/pages\/350","targetHints":{"allow":["GET"]}}],"collection":[{"href":"https:\/\/bethacorp07.com\/camposyasociados\/wp-json\/wp\/v2\/pages"}],"about":[{"href":"https:\/\/bethacorp07.com\/camposyasociados\/wp-json\/wp\/v2\/types\/page"}],"author":[{"embeddable":true,"href":"https:\/\/bethacorp07.com\/camposyasociados\/wp-json\/wp\/v2\/users\/1"}],"replies":[{"embeddable":true,"href":"https:\/\/bethacorp07.com\/camposyasociados\/wp-json\/wp\/v2\/comments?post=350"}],"version-history":[{"count":9,"href":"https:\/\/bethacorp07.com\/camposyasociados\/wp-json\/wp\/v2\/pages\/350\/revisions"}],"predecessor-version":[{"id":487,"href":"https:\/\/bethacorp07.com\/camposyasociados\/wp-json\/wp\/v2\/pages\/350\/revisions\/487"}],"up":[{"embeddable":true,"href":"https:\/\/bethacorp07.com\/camposyasociados\/wp-json\/wp\/v2\/pages\/289"}],"wp:attachment":[{"href":"https:\/\/bethacorp07.com\/camposyasociados\/wp-json\/wp\/v2\/media?parent=350"}],"curies":[{"name":"wp","href":"https:\/\/api.w.org\/{rel}","templated":true}]}}